 0 = j + 4*h - 92, 3*j - h - 370 = -55. Let q(v) = 4*v**2 + 4*v + 2. Let l be q(-3). Calculate the highest common divisor of l and j.
26
Let m = 0 + 3. Let x(a) = 3*a**2 - 2*a + 2. Let v be x(m). Calculate the greatest common factor of v and 69.
23
Let a be (5/(-10))/((-2)/16). What is the greatest common factor of a and 12?
4
Let q = 91 + -14. What is the highest common divisor of q and 44?
11
Suppose -g + 1 = 2*m - 0*g, -5 = g. Suppose -m*w + 11 = -31. Calculate the greatest common divisor of w and 21.
7
Suppose 0 = -9*h + 5*h + 64. What is the highest common factor of 96 and h?
16
Let p = 14 - 4. What is the highest common factor of 10 and p?
10
Let r = -8 + 8. Suppose 5*a = -0*a + 15, -4*g + 5*a + 121 = r. Suppose 1 + 2 = 3*d, -2*d = -3*j + g. What is the greatest common factor of 12 and j?
12
Let u(n) = 18*n + 7. Let x be u(-4). Suppose 2*z + 3*z = 0. Let y be z - -3 - x/5. What is the greatest common divisor of 176 and y?
16
Let h(u) = -u**3 + 4. Let a be h(2). Let x be (a - 14/(-3))*72. What is the greatest common divisor of 6 and x?
6
Let u be (19/2)/(1/(6/3)). What is the greatest common divisor of u and 57?
19
Let i = 47 - 29. Let g be (1 + -3)/2*-2. Suppose 0 = -5*c + g*c + 27. What is the highest common divisor of i and c?
9
Suppose -3*o + 5*o = 434. Calculate the highest common divisor of 31 and o.
31
Let p = -26 + 36. Suppose -3*j - i = -p, i + 15 = 3*j + 1. What is the greatest common factor of 32 and j?
4
Let t = 85 + -60. Suppose z - 29 = -9. Let r be (-9)/6*z/(-6). What is the greatest common factor of r and t?
5
Let o(n) = n**2 + 9*n + 12. Let g be o(-8). Suppose w + 0 = g. Let f be (-2)/w + 201/6. What is the greatest common divisor of f and 11?
11
Let t = 126 + -121. What is the highest common factor of t and 3?
1
Suppose -5*x + 0*x = -5*c + 10, -5*x = 5*c + 40. Let k be c/((-21)/(-12) - 2). Calculate the greatest common divisor of 3 and k.
3
Let h(l) = l**3 + 7*l**2 + 7*l. Let v be h(-5). What is the greatest common factor of 75 and v?
15
Let d be 0 - (-7 + -4 + 7). Calculate the greatest common factor of d and 8.
4
Suppose -k - k - 208 = -5*m, -4*k - 164 = -4*m. What is the highest common factor of m and 12?
6
Let d be 12/66 + (-282)/(-22). Let v = 517 + -283. Suppose 26 + v = 4*j. What is the greatest common divisor of d and j?
13
Let n(s) = -s + 10. Let a be n(10). Suppose 2*o = -a*o + 12. Calculate the highest common divisor of 4 and o.
2
Suppose 0*r = -5*r - 5*n + 170, -2*r + 4*n + 56 = 0. What is the highest common factor of r and 80?
16
Let r be 260/15*(2 - -1). Let z be (78/2)/((-6)/(-20)). Calculate the highest common factor of r and z.
26
Let c = 2 + 1. Let b(h) = -6*h**2 + 31*h + 7. Let l be b(5). What is the greatest common divisor of l and c?
3
Let b = 6 + -4. Suppose -6*p + 30 = -3*p. Let l = p - 4. What is the highest common factor of l and b?
2
Let p = 10 - 14. Let i be (p + 3)/1 - -5. Suppose 2*h + i = 84. What is the greatest common factor of 8 and h?
8
Let w be 4/3*(-15)/(-20). Calculate the greatest common factor of 9 and w.
1
Suppose 4*m = -2*n + 328 + 18, -4*m = -5*n - 367. Calculate the highest common factor of m and 8.
8
Let g = 0 - -2. Suppose g*o = 36 - 112. Let b = o + 56. Calculate the greatest common divisor of 9 and b.
9
Suppose -2*q - 3*q = -430. Suppose -q = -2*m - 20. Calculate the greatest common factor of m and 3.
3
Let u be (-9)/6 + (-51)/(-2). Let b be 7 + 2/(-2) + 0. What is the greatest common factor of b and u?
6
Let v(g) = 81*g**2 - 2*g + 1. Let q be (-2 - -1)*-5*-1. Let i = q - -6. Let r be v(i). Calculate the greatest common factor of 20 and r.
20
Let y(c) = 18*c - 6. Let t be y(7). What is the highest common factor of 24 and t?
24
Let s be (-15)/(4 + 11/(-2)). Calculate the highest common factor of 40 and s.
10
Let p(w) be the first derivative of -3*w**2/2 - w + 1. Let a be p(-3). Calculate the greatest common factor of 8 and a.
8
Suppose 2*u - 18 = 5*q - q, 5*u + 30 = -5*q. Let b be 2/2 - 1/u. Calculate the highest common divisor of b and 10.
2
Suppose 13*h - 124 = 19. Calculate the highest common divisor of 44 and h.
11
Let c(y) = y**2 + 3*y + 7. Let a(l) = -l**3 - 11*l**2 - 11*l - 2. Let v be a(-10). Let u be c(v). Calculate the greatest common divisor of 38 and u.
19
Suppose p - 3 = -1. Let f = 3 - p. Suppose 4*s - 2*l = -l + 33, 3*l = -2*s - 1. What is the highest common divisor of s and f?
1
Let r be ((-4)/(-1) + -81)*-1. What is the greatest common divisor of 7 and r?
7
Suppose z + 2*h - 8 = 9, -6 = -3*h. Calculate the highest common factor of z and 143.
13
Let h be 6*-2*(-1)/4. Let b = h + 49. Let t(v) = -3*v + 4. Let y be t(-3). What is the greatest common factor of y and b?
13
Let v be (-11)/((-22)/136) + -5. What is the highest common factor of v and 105?
21
Let o be (9 - (-6)/(-2)) + -1. Suppose 4*s - l = 111, 2*s + 78 = o*s + l. What is the greatest common divisor of s and 3?
3
Suppose 0*n = 2*n - 30. Suppose -4*h + n = -5*q, 2*h - 1 = -2*q + 11. Suppose o + 3*o = -k + 35, o - 14 = h*k. Calculate the highest common factor of o and 36.
9
Let m be (2 + 0)/(-2) - -2. Suppose 3*y - 33 = 4*k, 5*y - k = -0*y + 72. Let g be (1 + 0)/(3/y). What is the highest common divisor of m and g?
1
Let y = 1 + 4. Let k be 292/(-6)*(y - 8). Let i be (k - 4/2)/1. What is the highest common divisor of i and 16?
16
Let c be -3 + 6/((-12)/(-10)). Calculate the highest common divisor of c and 8.
2
Let u(j) = 18*j**3 + j - 1. Let s be u(1). Let w be ((-26)/12)/((-3)/s). What is the greatest common factor of 13 and w?
13
Suppose -5*a + 5*x + 508 = 3*x, 4*x = 4*a - 416. What is the greatest common factor of 20 and a?
20
Let u be (-2)/1 + (1 - 12). Let n = 19 + u. Calculate the greatest common factor of n and 42.
6
Let v = 3 - -10. Calculate the highest common factor of v and 143.
13
Let x(c) = -7 + 3 + 2*c**2 + 2. Let n be x(-2). Let p be 9/n*16/3. Calculate the highest common factor of p and 16.
8
Suppose -h + 1 = -1. Let r = h + 8. What is the greatest common divisor of 50 and r?
10
Suppose -3*p - 5*c + 32 = 0, -4*p + c = -3*c - 64. What is the highest common factor of p and 98?
14
Let k be (-4)/(-10) - 39/(-15). Suppose f - 52 = u, -4*u + 232 = k*f + f. What is the highest common divisor of 5 and f?
5
Suppose 5*q - 4 = 1. Let n be 4/q*6/12. Let d be ((-32)/(-12))/(n/6). Calculate the greatest common divisor of d and 56.
8
Suppose 30*c - 28*c - 72 = 0. Suppose 0 = 5*p + 20 - 140. What is the highest common factor of c and p?
12
Let z(w) = 2*w**2 + w - 8. Let u be z(-5). Suppose -b = 3*b + 104. Let a = b + u. Calculate the highest common divisor of 88 and a.
11
Suppose -5*c + 35 + 15 = 0. Let z be 3/2 - (-145)/c. Suppose -6*o = -8*o + 4. What is the greatest common factor of z and o?
2
Suppose 5*h = 5*v - 55, v + 4*v - h - 35 = 0. Let m = 7 - -17. Calculate the greatest common divisor of v and m.
6
Suppose -8*z = -9*z + 24. Suppose 14 = 5*h - 26. Calculate the highest common divisor of h and z.
8
Let z be 2/((-1)/(5/(-2))). Suppose z*y = w - 17, -3*w + 4*y + 18 = -2*w. Calculate the highest common divisor of 11 and w.
11
Let n(w) = 6*w + 10. Let t be n(3). Calculate the greatest common divisor of 42 and t.
14
Suppose 4*q - 2 = 9*q - 4*o, -5*q + 13 = o. Let n be (q/6)/((-3)/(-27)). Let i = -83 + 86. What is the highest common factor of n and i?
3
Let o = 33 + -8. Calculate the greatest common divisor of o and 10.
5
Suppose 0 = 36*k - 34*k - 4. Calculate the greatest common divisor of 22 and k.
2
Suppose -10*x + 260 + 140 = 0. Suppose -b = -4*b. Suppose b*o - o = -8. What is the greatest common divisor of o and x?
8
Let c = -71 - -78. What is the greatest common factor of 35 and c?
7
Let m(h) = 3*h**2 - 7*h - 10. Let o be -3 + 0 + 22/2. Let k be m(o). Calculate the highest common divisor of 18 and k.
18
Suppose -14 = -3*g - 11. What is the greatest common factor of 9 and g?
1
Suppose -2*n + 36 = -n. Let t(l) = l**2. Let d be 4/(-14) - 38/14. Let q be t(d). Calculate the greatest common factor of q and n.
9
Let l = -35 + 51. Let b = 88 - l. What is the greatest common divisor of 9 and b?
9
Suppose 3*n - 24 = 30. What is the highest common divisor of 6 and n?
6
Let g(m) = -2*m**2 + 0*m**3 + 4 - 4*m**2 + m**3 - 7*m. Let o be g(7). Suppose -o*d - 13 = -49. Calculate the highest common divisor 